(9 - (-2 + 11 + 0))?
0
6 + 1 + -18 + 18
7
What is the value of -25 + (-18 + 36 + -15 - (-1 - 4))?
-17
What is -1072 + 1085 + (0 - (0 + -8)) + -2?
19
What is 0 + -9 + -9 + -10 + 31 - 18?
-15
Calculate 1 + -16 - (-16 + (18 - (13 - 21))).
-25
10 - (8 - 1 - -1) - (-7 + -1)
10
Evaluate -13 - (0 + 3 - 4) - 6.
-18
What is the value of -1 + 8 - (4 - (-9 + 10))?
4
Evaluate (17 + 11 - 31) + 30.
27
What is the value of (94 - 93) + 5 + (-42 - 5)?
-41
Evaluate -15 - (-24 - (19 + -13)).
15
4 + (-2 - (0 + -9 - -1) - 5)
5
What is 10 + -2 + -6 + (-2 - 4) - -2?
-2
What is the value of 6 - (2 - (-5 + 13 + 2))?
14
What is the value of 26 + -4 + -12 + 5?
15
What is (-29 - -48 - 2) + -1?
16
Calculate -2 + -8 - 0 - (32 - 11 - 37).
6
Calculate -20 - -9 - 1 - -10.
-2
What is the value of -18 - (-2 - (-11 + -9 + 14 + 1))?
-21
What is the value of 27 - (18 - -6) - (1 + (1 - -2))?
-1
What is -2 - (-7 + -2) - (7 + -3 + -1)?
4
What is the value of 10 + -8 + 8 + 14?
24
Evaluate -4 + 6 - -5 - -2.
9
What is (-21 + (-4 - -13) - -5) + 2 + 4?
-1
Calculate (-18 - -29 - 14) + (-16 - 5).
-24
What is the value of 6 + (6 - (5 - (-6 + 6 + -5)))?
2
What is the value of (-1 + -1 - -14) + -32?
-20
-1 + 1 - ((-7 - -16) + (2 - 6))
-5
Calculate -13 + 2 + -8 + 0 - -58.
39
Evaluate -59 + 80 - (0 - -3).
18
Calculate 0 + 9 - (0 + -20 - (24 + -48)).
5
What is the value of -40 - (-75 - (-2 + 1))?
34
Calculate -1 + 4 + 6 - (119 + -117).
7
Calculate 0 + 1 + (5 - 7) + -7 + 19.
11
What is (-1 - 4) + 1444 + -1448?
-9
Calculate 16 - (23 + (7 - -13)).
-27
Evaluate -7 + 14 - 14 - 7.
-14
Evaluate (6 - (3 + (-9 - (-9 - 10)))) + 14.
7
Evaluate -12 + -3 + -7 + 18 + 1 + -2.
-5
(6 - (10 + 2)) + 1
-5
What is the value of 0 - (-5 + 8 + (1 - 8))?
4
Evaluate 13 + 22 + (-8 - 26).
1
Evaluate -85 + 17 + 17 + 42.
-9
What is (-16 - -48) + 8 + (7 - 34)?
13
Evaluate -13 + 12 - (-12 - -6 - 2).
7
Calculate 5 + -14 - -7 - -11 - 1.
8
What is (0 - 1) + -17 + 11 + 12?
5
What is (8 - (-7 - -2)) + -42 + 15?
-14
Evaluate -73 + 2 - -64 - (15 + 1).
-23
What is 26 + 6 + -24 + 3?
11
What is 5 + -7 + -19 + 36?
15
What is the value of -2 - ((-5 + -5 - -22) + -1)?
-13
What is (-16 + 17 + (1 - -9) - 7) + -24?
-20
Calculate 1 + -28 - (2 + -4 + (23 - 21)).
-27
4 + -1 + -16 + 8 - (17 - 21)
-1
What is -35 + (-22 - -30) + 41?
14
1 - -8 - (45 - 74 - -78)
-40
Calculate (1 + -14 - -6) + 9 - 18.
-16
9 + 6 - 16 - (-6 + -1)
6
What is -93 - -34 - -38 - -33?
12
-2 - (-3 - -19) - -6
-12
Calculate 0 - (-1 - -5) - (1291 + -1295).
0
Calculate 1 - (13 - 15 - -1).
2
Evaluate -35 - (0 - (-4 + -1 - (67 + -74))).
-33
Evaluate 10 + -1 - ((6 - 2) + -12 + 3).
14
What is -5 - 3 - ((34 - 24) + -6)?
-12
-11 - (-27 - -10 - -14)
-8
What is the value of -360 - -336 - (-1 - -2)?
-25
Calculate 12 + (-23 - -18) - (0 - -2).
5
What is the value of (10 - 1 - (-36 + 22 - -36)) + -1?
-14
What is 7 + -7 - 0 - (12 + -3)?
-9
Calculate 4 + 3 - (-12 - (-9 - 25)).
-15
Calculate (9 - (25 - 22)) + -12.
-6
Calculate 3 + (-2 - -3) + -8.
-4
(12 - (12 - 5)) + (6 - (3 - 0))
8
Evaluate -36 - -43 - 42 - -52.
17
-16 + 9 + -3 + 7 - (-1 - 1)
-1
Evaluate 3 + -18 - -9 - -10.
4
What is -28 + -5 + 1 + 17?
-15
Evaluate (8 - 9 - -11) + 1.
11
Calculate -47 + (-10 - (-20 + -14)).
-23
What is the value of 14 - ((28 - 8) + 10)?
-16
Evaluate 33 + (55 + -27 - 39).
22
-4 + 1 + (3 - (-6 + 14)) - -7
-1
Calculate -31 + (1 + (-8 - 2) - -12 - 11).
-39
Evaluate -4 - ((6 - 1 - 12) + 23).
-20
Calculate -28 + 5 + -11 + 18 - -9.
-7
Calculate (20 - 0) + 23 - 32.
11
1 + 0 + (-30 - -20) - -9
0
What is the value of (-14 - 2) + -23 + 34?
-5
Evaluate 8 + 8 + -2 + -5 + -2.
7
What is 7 + ((8 - 0) + (-73 - -56) - 0)?
-2
What is 7 - 8 - -5 - (2 - 4)?
6
What is the value of -3 + (-7 - -27) + -10 + (-28 - 2)?
-23
Calculate 1 + -3 - (20 - 5 - 25).
8
3 - ((-8 - -4) + 4 - -5)
-2
What is the value of -90 - -74 - (6 + -3)?
-19
What is 38 + (-36 - -9) + 1?
12
What is (-6 - -1) + 458 + -461?
-8
What is -30 - -19 - -9 - (-2 + 20)?
-20
Evaluate (25 - 2) + -5 + -4 + 12 + -13.
13
3 + -3 + (1 + 6 - 6) - 9
-8
What is the value of 26 + (-4 - (6 + 0 + 9 + -19))?
26
What is the value of (-28 - -35) + -6 + 21?
22
Calculate (2 + 3 - (0 + 0)) + (96 - 75).
26
(-4 - -1) + 2 - (9 - (34 + -2))
22
(22 - 9) + -10 - (-2 - 1)
6
What is the value of 2 + -3 + -24 + 32 + -27?
-20
What is (-10 - (3 + -28 + 16)) + 5?
4
-1 + (3 - (46 - 10)) - -12
-22
Evaluate 19 - (0 - (-16 + -1 + 14)).
16
Evaluate -6 + 1 + 0 + (-5 - 7) + 8.
-9
What is the value of -7 + -2 - (0 + (11 - 30))?
10
What is -14 - (-3 + -1 - -3)?
-13
What is -3 + ((-7 - -6) + 5 - 0) + 0?
1
15 - (11 + 3 + -10 - 11)
22
What is -14 - (-26 + 13 + 7)?
-8
What is 7 + -16 + 6 + (0 - -9) + -10?
-4
Evaluate (3 - 0) + (-51 - -52) + -3 + 1.
2
-3 + -10 + (24 - 0)
11
(-1 - 6 - (8 - 17 - -1)) + -10
-9
Evaluate 22 + (-30 - 5) - -37.
24
Evaluate 2 - (0 - (8 - -22 - (3 + 3))).
26
What is (2 - 10) + (-4 - 2) + 12?
-2
What is (-15 - -40 - 6) + -4 + -2?
13
Evaluate -13 + 1 - (-37 - -15).
10
Calculate 11 + 9 + -5 + 0 + -9 - 23.
-17
Evaluate -2 + -5 + 7 + (-5 - -21).
16
What is the value of (-48 - -40) + (5 + 2 - 8)?
-9
What is the value of -60 + 66 - (-3 - 3)?
12
Calculate (60 - 56) + (1 - -2) + 2 + -15.
-6
Evaluate -52 + 60 - (5 + 1).
2
Calculate 9 + (-13 - -4) - (-1 + -7).
8
6 + 0 - (14 + -2 + -34 + 41)
-13
What is the value of 4 + 1 + (7 - (10 - 4))?
6
4 + (9 - (2 - -20 - 6))
-3
Calculate -11 + (-13 - -4) + 15 + 14.
9
What is the value of (-1 + 20 - 32) + (9 - 4) + -1?
-9
Calculate -1 + 1 + 1 + 2 + 3 - -5.
11
Calculate 6 + (-2 + 7 - (1 + 8 + -1)).
3
What is the value of 8 + 3 + (11 - (10 - -5))?
7
What is -2 - (-2 + (-11 - -15) - 3)?
-1
Calculate -19 + -8 + 20 + 32.
25
(5 - (-4 - -1)) + -28 + 3 + -4
-21
Calculate 14 - -2 - (-148 + 166).
-2
Evaluate -14 - (17 + -12 - 11) - (1 - 18).
9
-39 + 2 + (-1 + 19 - 0)
-19
Calculate 3 - (3 - (11 + -6)) - -5.
10
What is -3 + (-4 - 1 - -3) - (-1 + -22)?
18
Evaluate 20 + -30 + (3 - (8 - 4 - 2)).
-9
-573 + 567 + -9 + 1
-14
-33 + 40 - (15 + -2) - (2 + -3)
-5
Evaluate -3 - (0 + -6 - 1) - (-2 - -8).
-2
Calculate 40 + (-1 - 23) - 35.
-19
What is (-3 + -1 - 1) + -6?
-11
What is the value of -3 + 4 + 9 - 14?
-4
What is -24 + 1 - (-10 - ((-1 - 5) + -12))?
-31
-12 + 6 + (9 - 4) + (-9 - 2)
-12
What is (0 - 3) + (-2 - 14 - -32)?
13
What is the value of -46 - (-5 + -8) - -17?
-16
What is the value of -1 + 13 - (-31 - -48)?
-5
35 - (2 + (-5 - -6)) - 5
27
Calculate 5 - 9 - -13 - 28.
-19
What is the value of (9 - 15 - -9) + 6 + 10 + 1?
20
-8 - (-1 - 3 - (-155 + 149))
-10
What is 4 + 0 + (-1 - -1) + (5 - 9)?
0
What is the value of -4 - (-9 - (-10 - 6)) - -16?
5
-16 - -4 - (16 + -31) - (0 + 3)
0
Evaluate (-8 - -6) + -10 - -20.
8
Calculate -5 - (3 - 5) - 1 - (0 + 6).
-10
What is -36 - (9 + (-33 - 14))?
2
Evaluate -2 + -7 + 20 + -6 + -1.
4
Calculate -10 + (6 + -8 + 19 - 1).
6
What is 6 - (1 + (-7 - 12) + 8 - -1)?
15
What is (-21 - (-4 + -12)) + 0 + -4?
-9
Evaluate 86 - 9 - 37 - 22.
18
Evaluate 4 - -2 - (-17 + -1 + 252 + -244).
16
What is (-20 - -7 - 8) + 13?
-8
What is 28 + -31 - 2 - (0 + (0 - 6))?
1
What is (15 - (0 - -23)) + 6?
-2
What is -1 + (3 - 2) + (-19 - -23)?
4
Calculate 1 + 5 + (0 - 10) - 6.
-10
Calculate 17 - (7 + -1) - (-10 - (-7 - -4)).
18
What is the value of -7 + 16 + -4 + (-5 - (-13 - -7))?
6
Evaluate (24 - (-9 + 9 + 7)) + (0 - 3).
14
Calculate 2 + (-4 + 15 - (5 - 5)).
13
What is (-12 - -8 - 8) + 17?
5
-3 + 0 + 2 + -13 + 0
-14
What is the value of 2 - 1 - -2 - ((-24 - 5) + 23)?
9
Calculate 13 + -20 + 8 - 13.
-12
(4 - 8) + -1 + (16 - -1)
12
What is 0 + (19 - (-2 + 15 - 7)) + -1?
12
What is the value of (44 + -35 - 19) + -27?
-37
Calculate -127 + 108 + 4 + -1 + -6.
-22
What is the value of 1 - 7 - 0 - (0 - 3)?
-3
14 + -11 + 6 + -23 + 5
-9
What is 0 - (0 + -1) - (15 - (-13 + 35))?
8
What is 7 + -67 + (12 - -15)?
-33
Evaluate -17 + -3 + (-10 + -3 - -3) + 18.
-12
What is 3 + -2 - -16 - 12?
5
Calculate -3 - (-7 + -9) - 0.
13
Calculate -14 - (16 - (-10 - -16) - 5).
-19
-12 + 7 - (5 - (18 - 9 - -7))
6
What is -2 - (-22 + 0 + 7)?
13
What is the value of 0 + (-7 - 14) + 9?
-12
What is the value of (33 + -16 - 20 - -2) + 1 + -7?
-7
What is the value of 13 + (23 + 2 + -14 - 18)?
6
What is the value of 1 - (-8 - (-3 + (14 - 8) - 22))?
-10
What is the value of 20 - (11 + -17) - 12?
14
-20 - (-